. What are the prime factors of g(7)?
3, 13
Suppose 0 = -5*z - 5 - 5, 5*z + 38 = i. What are the prime factors of i?
2, 7
Let f = -213 - -311. List the prime factors of f.
2, 7
Suppose -o = 4*o - 135. List the prime factors of o/18*14/3.
7
Let o = -95 - -189. What are the prime factors of o?
2, 47
Let k(j) = 2*j**2 - 9*j - 3. Let p be k(7). Suppose 4*f + 12 = p. List the prime factors of f.
5
Let i = -4 - 1. Let x = 16 + i. What are the prime factors of x?
11
Let v = -6 - -10. Suppose 3*p = 12, 0 = -v*g - 0*g + 3*p + 28. Suppose 0 = -2*y + 4*y - g. What are the prime factors of y?
5
Let b = 21 - 15. Let j(f) = f + 2. What are the prime factors of j(b)?
2
Let a be 69/5 - 1/(-5). Let g = 3 + a. What are the prime factors of g?
17
Let q(u) = 3*u**3 - 6*u**2 + 2*u. Let z(n) = 7*n**3 - 12*n**2 + 5*n + 1. Let w(d) = -5*q(d) + 2*z(d). List the prime factors of w(5).
3
Let d be (-4)/10*(-30 - 0). Let c be (-1)/((-3)/d*1). Suppose 0 = -c*u + 4*l, -2*u + 2*l = 3*u - 15. List the prime factors of u.
5
Suppose 4*i - 16 = 8. Suppose 3*g - 5*o = 16, -i*o - 6 = -g - 4*o. Suppose x + 3 + 1 = 0, -g*x = 3*c + 2. List the prime factors of c.
2
Let m be 84/18 + (-2)/3. Let n(c) = -c**3 + 5*c**2 - c - 4. What are the prime factors of n(m)?
2
Let c(m) = m**3 + m**2 + 2*m + 40. Suppose 5*i - 6*g + g - 15 = 0, 0 = -2*i - 3*g - 9. List the prime factors of c(i).
2, 5
Suppose 2*c - 4*i + 22 = 0, -c + 2*i - i = 15. Let t = c + 27. Suppose 2*v = 3*v - t. What are the prime factors of v?
2
Suppose -15*i + 16*i - 157 = 0. List the prime factors of i.
157
Suppose 4*s + 4*q = 656, 4*s - 3*q - 828 = -s. What are the prime factors of s?
3, 5, 11
Suppose -4*g = 4*c - 6*c + 26, -4*g + 3*c = 29. Let j = g + 9. Suppose -j*x + 10 = -2. List the prime factors of x.
3
Suppose -93 = -3*t + 2*m, 0*t = 3*t - 4*m - 87. List the prime factors of t.
3, 11
Suppose -q + 5*m - 20 = q, -50 = 5*q + 4*m. Let k = 17 + q. What are the prime factors of k?
7
Suppose 8*u - 352 = 336. List the prime factors of u.
2, 43
Let u be (3 - -1)*(0 + 1). Suppose -2*p + 4*j + 24 = 0, -5*p = -0*p + u*j + 10. List the prime factors of p.
2
Let y = -34 + 55. What are the prime factors of y?
3, 7
What are the prime factors of (-4)/(16/484)*(-2 + 1)?
11
Let z = 40 + 258. List the prime factors of z.
2, 149
Suppose 2*p - 24 = -2*q, 3*q + p = q + 23. Let t = -2 + q. What are the prime factors of t?
3
Let f(g) = 2*g - 5. Let c be f(8). Let s = c - -25. List the prime factors of s.
2, 3
Let i = 48 + -9. What are the prime factors of i?
3, 13
Let x(s) = 2*s**3 + 29*s**2 + 25*s + 23. Let d(w) = w**3 + 14*w**2 + 12*w + 11. Let a(n) = 5*d(n) - 2*x(n). List the prime factors of a(-11).
2, 5
Let d be (-1)/2*0/2. Let p be (-3)/9*1*-12. Suppose d*h - p*h + 72 = 0. What are the prime factors of h?
2, 3
Suppose 5*s - 36 = 3*s. Let j be (-1 - 0)*-1*6. What are the prime factors of (2/j)/(1/s)?
2, 3
Let m be ((-8)/10)/((-4)/10). Let i = m - -1. Suppose -i*y + 3*r = -21, -2*r + 6 = 4*y - 16. What are the prime factors of y?
2, 3
Let y(z) = 8*z**2 - 9*z + 10. Let h(r) = -3*r**2 + 3*r - 3. Let f(a) = -11*h(a) - 4*y(a). What are the prime factors of f(-6)?
11
Suppose 5*c - 617 = 508. What are the prime factors of c?
3, 5
Suppose 2*g - 6*g = s - 14, -2*s + 4*g = 32. Suppose 2*l - 4*b + 20 = 0, 0 = 4*l + 2*b - b + 49. Let h = s - l. What are the prime factors of h?
2, 3
Let u = -3 - -8. Let h be (-8)/(-10) + 19/95. Let b = u - h. List the prime factors of b.
2
Let o = 9 - 6. Let r be 14/4 - 1/(-2). Suppose -o = p, -4*b - p + 25 = r*p. List the prime factors of b.
2, 5
Suppose 55 + 1 = 4*l. List the prime factors of l.
2, 7
Let f(u) = -u**3 + 6*u**2 - 3*u + 1. Let k be -3*(-4)/(-9)*-3. What are the prime factors of f(k)?
3, 7
Let k(w) = -w - 9. Let u be k(-4). Let i = u - -20. What are the prime factors of i?
3, 5
Suppose -4*f = 5*w - 111, 38 - 5 = f - 4*w. List the prime factors of f.
29
Let l be (-12)/((-8)/(4 + 0)). Suppose 4*a = -4*r + 80, 3*r - 5*a - 26 = -l. What are the prime factors of r?
3, 5
Let m = 37 - 18. What are the prime factors of m?
19
Suppose -h + 3*f = 4*f - 1, -3*h + 3 = -f. Let c = h - -10. List the prime factors of c.
11
Suppose 10*d = 141 + 329. List the prime factors of d.
47
Suppose 1 = x, 5*o - 2*x - 2*x = -4. Suppose o = -6*j + 2*j. Let s = j - -16. List the prime factors of s.
2
Suppose 1 = z + 27. List the prime factors of (0 + 1)/((-13)/z).
2
Let p(g) = 2*g**2 - 3*g + 2. Let d be 10/6 + 2/6. What are the prime factors of p(d)?
2
Let f(v) be the third derivative of v**4/24 + 13*v**3/6 - 5*v**2. Let n be f(-7). Let h = n + -1. List the prime factors of h.
5
What are the prime factors of 2 + 2 - (-1156)/4?
293
Let b(z) be the third derivative of -11*z**4/24 - 6*z**2. What are the prime factors of b(-4)?
2, 11
Let h = -23 + 2. Let j = h + 13. Let t = 22 + j. What are the prime factors of t?
2, 7
Let p(k) = -4*k - k - 8 + 2*k. What are the prime factors of p(-6)?
2, 5
Let p(u) be the second derivative of -u**6/360 - u**5/15 - u**3/6 + u. Let a(i) be the second derivative of p(i). What are the prime factors of a(-6)?
2, 3
Suppose 17 = 4*b - 3*g, -3*b + 3*g = 2*b - 19. Suppose -11 = b*z + 1. List the prime factors of (-100)/(-15) + 4/z.
2, 3
Suppose 0*v - 4*u + 4 = 2*v, 3*v + 2 = 2*u. Let m = v + -5. Let a = m + 20. List the prime factors of a.
3, 5
Let b be (-2)/((-2)/1) + -1. Let l(r) = -r**2 - r + 23. List the prime factors of l(b).
23
Suppose -3*b = 7*j - 2*j + 26, 3*j = -3*b - 24. Let q(s) = -2*s - 5. Let c be q(b). Suppose -2*o = -x - c, -o = 3*o + 2*x - 6. What are the prime factors of o?
3
Let i be (5/15)/((-2)/(-156)). Suppose 0 = 5*x + p - 14 - 11, 4*x + 2*p - i = 0. What are the prime factors of x?
2
Let n be 48/(-21) - 2/(-7). Let h be (-1)/(n/(-7))*-2. List the prime factors of 2/h - (-54)/7.
2
Let k(g) = 2*g + 5. Let h be k(0). Suppose 27 = h*x - 18. What are the prime factors of x?
3
Let p(j) = j**3 - 9*j**2 + 11*j - 9. Let h be 6*(5/2 - 3). Let w be 3*10/6 - h. List the prime factors of p(w).
3, 5
Suppose -152 = -k + 28. Suppose -3*p + 92 = -5*z, 5*z - k = -5*p - 0*z. What are the prime factors of p?
2, 17
List the prime factors of (3 + 220/(-12))*(-9)/2.
3, 23
Let s be 1/((-3)/(-6))*9. Suppose 0 = 4*f - 6*f + s. List the prime factors of f.
3
Let z be 3 + 0/(-2 - 1). Suppose -j + f = -17, -33 = -4*j + j - z*f. What are the prime factors of j?
2, 7
Suppose 0 = -4*k - 2*r + 28, 4*k - 2*r - 14 = k. What are the prime factors of k?
2, 3
Suppose -2 + 37 = 5*p. Suppose -p = 3*g + 2. List the prime factors of ((-30)/9 - -1)*g.
7
What are the prime factors of (-2 + 1)*3 - -12?
3
Let w(p) = 89*p - 5. What are the prime factors of w(3)?
2, 131
Let s be (-4 - 6/(-2)) + -4. Let u(m) = -5*m + 2. Let v be u(s). Let p = v + -13. List the prime factors of p.
2, 7
Suppose -6*y = -3*y - 6. Let d be ((-3)/2)/((-1)/y). Suppose -2*a + d = -3. List the prime factors of a.
3
Let u be 1/(-1)*(-4 - -2). What are the prime factors of u/((-16)/(-6) + -2)?
3
Let b(z) = -z**3 + 8*z**2 - 7*z - 7. Let f be 1 + 0 - (1 + -7). Let l be b(f). Let s(a) = a**2 + 6*a + 1. List the prime factors of s(l).
2
Suppose -6*p - 9 = -9*p. Suppose 0 = p*x - 42 - 3. What are the prime factors of x?
3, 5
Suppose 0 = 2*s - 14 + 2. List the prime factors of s.
2, 3
Suppose 0*q + 381 = 3*q - 3*o, 2*o + 384 = 3*q. List the prime factors of q.
2, 5, 13
Let o = 2 - 1. Let v = 3 - o. What are the prime factors of (-1)/(-2) - (-13)/v?
7
Let b = 13 - 9. Suppose 0 = b*m - 11 - 25. What are the prime factors of m?
3
Let r(t) = t**2 - 15*t + 13. What are the prime factors of r(17)?
47
Let s = 11 + 212. What are the prime factors of s?
223
Suppose 6*s = 3*s - 4*k + 131, 213 = 5*s + 4*k. What are the prime factors of s?
41
Let m = -8 - -12. Suppose -m*v = v. Suppose v = 5*h - 16 - 14. List the prime factors of h.
2, 3
Suppose 4*p = -p + 100. Suppose -p = -a - a. List the prime factors of a.
2, 5
Let k = 27 + 80. What are the prime factors of k?
107
Suppose 6*u - 165 = 837. What are the prime factors of u?
167
Suppose l - 96 = -3*l. List the prime factors of l.
2, 3
Suppose 0 = 11*b - 147 - 337. List the prime factors of b.
2, 11
List the prime factors of ((-4)/(-10))/(3/525).
2, 5, 7
What are the prime factors of ((-5)/(-2))/((-6)/(-12))?
5
Suppose 3*k = 4